{"id":2704,"date":"2017-07-04T16:50:06","date_gmt":"2017-07-04T16:50:06","guid":{"rendered":"http:\/\/esteio.com.br\/?page_id=2704"},"modified":"2022-05-26T19:05:31","modified_gmt":"2022-05-26T19:05:31","slug":"laser-pch","status":"publish","type":"page","link":"https:\/\/www.esteio.com.br\/en\/oferecidos\/laser-pch\/","title":{"rendered":"Levantamento Laser para PCH"},"content":{"rendered":"[IMAGEM_CAROUSEL]\nSegundo informa\u00e7\u00f5es da Empresa de Pesquisa Energ\u00e9tica (EPE), com base no Balan\u00e7o Energ\u00e9tico Nacional (BEN), a participa\u00e7\u00e3o de fontes renov\u00e1veis na matriz el\u00e9trica do Brasil tem representado um aumento sistem\u00e1tico de produ\u00e7\u00e3o nos \u00faltimos anos.<br \/>\nO momento vivido pela economia e o processo de industrializa\u00e7\u00e3o brasileira, provocaram um grande aumento no consumo de energia. Nas \u00faltimas d\u00e9cadas, a energia consumida aumentou em torno de 7% ao ano, dobrando praticamente a cada dez anos.<br \/>\nAs fontes de energia prim\u00e1rias mais consumidas no Brasil s\u00e3o: petr\u00f3leo, hidreletricidade, lenha, cana-de-a\u00e7\u00facar e baga\u00e7o de cana, carv\u00e3o mineral e g\u00e1s natural.<br \/>\nEm raz\u00e3o das novas legisla\u00e7\u00f5es ambientais, o consumo de lenha e petr\u00f3leo tem apresentado uma redu\u00e7\u00e3o consider\u00e1vel nas \u00faltimas d\u00e9cadas e por outro lado, nota-se um significativo aumento no consumo de eletricidade, derivados da cana (\u00e1lcool) e do carv\u00e3o mineral.<\/p>\n<p>O grande n\u00famero de rios, o alto volume d&#8217;\u00e1gua, climas bastante \u00famidos em boa parte do territ\u00f3rio, representam algumas das condi\u00e7\u00f5es geogr\u00e1ficas favor\u00e1veis \u00e0 produ\u00e7\u00e3o de energia hidr\u00e1ulica.<br \/>\nConsiderando o bom potencial hidr\u00e1ulico, cada vez mais empresas t\u00eam investido na gera\u00e7\u00e3o de energia el\u00e9trica atrav\u00e9s das Pequenas Centrais Hidrel\u00e9tricas, as chamadas PCHs, as quais t\u00eam contribu\u00eddo bastante para a modifica\u00e7\u00e3o do cen\u00e1rio da matriz energ\u00e9tica nacional.<\/p>\n<p>De acordo com a resolu\u00e7\u00e3o n\u00ba 394 da Ag\u00eancia Nacional de Energia El\u00e9trica, PCH (Pequena Central Hidrel\u00e9trica) \u00e9 toda usina hidrel\u00e9trica de pequeno porte cuja capacidade instalada seja superior a 1MW e inferior a 30 MW, bem como \u00e1rea do reservat\u00f3rio inferior a 3 km\u00b2, sendo a \u00e1rea do reservat\u00f3rio delimitada pela cota d&#8217;\u00e1gua associada a vaz\u00e3o de cheia com tempo de recorr\u00eancia de 100 anos.<\/p>\n<p>No contexto em que o crescimento do consumo aumenta cada vez mais e as geradoras de energia tamb\u00e9m s\u00e3o for\u00e7adas pelo mercado a aumentarem a gera\u00e7\u00e3o de energia, o levantamento LASER tem sido ferramenta importante na capta\u00e7\u00e3o r\u00e1pida de informa\u00e7\u00f5es que auxiliam no projeto e defini\u00e7\u00e3o de uma PCH, em especial na delimita\u00e7\u00e3o de \u00e1reas, seja do espelho d&#8217;\u00e1gua, seja do levantamento do relevo visando defini\u00e7\u00e3o da cota de inunda\u00e7\u00e3o.<\/p>\n<p>O Perfilamento a LASER \u00e9 uma tecnologia de levantamento executado atrav\u00e9s de um escaner a LASER instalado em uma aeronave, o qual permite o levantamento de uma malha muito densa de pontos no terreno. Esta metodologia permite um levantamento altim\u00e9trico mais preciso e r\u00e1pido da \u00e1rea. A partir desses pontos \u00e9 poss\u00edvel a gera\u00e7\u00e3o diversos produtos, tais como:<\/p>\n<ol class=\"breadcrumb\">\n<li class=\"active\">\n<ul>\n<li>Modelo Digital de Eleva\u00e7\u00e3o (MDE);<\/li>\n<li>Modelo Digital de Terreno (MDT), sem vegeta\u00e7\u00e3o, edifica\u00e7\u00f5es, etc.;<\/li>\n<li>Plantas contendo as curvas de n\u00edvel geradas a partir do MDT;<\/li>\n<li>Imagens hipsom\u00e9tricas geradas a partir do MDT;<\/li>\n<li>Imagens de intensidade do pulso LASER (Semelhante a uma imagem de sat\u00e9lite);<\/li>\n<li>Modelos em tr\u00eas dimens\u00f5es;<\/li>\n<\/ul>\n<\/li>\n<\/ol>\n<p>Hoje, o perfilamento LASER \u00e9 a tecnologia mais \u00e1gil para obten\u00e7\u00e3o de altimetria de terreno e proporciona algumas vantagens em rela\u00e7\u00e3o ao m\u00e9todo fotogram\u00e9trico:<\/p>\n<ol class=\"breadcrumb\">\n<li class=\"active\">\n<ul>\n<li><strong>Rapidez em sua obten\u00e7\u00e3o<\/strong>, pois o voo tem muito menos depend\u00eancia de condi\u00e7\u00f5es meteorol\u00f3gicas, podendo inclusive ser feito \u00e0 noite;<\/li>\n<li><strong>Rapidez na obten\u00e7\u00e3o dos produtos, <\/strong>pois o processo \u00e9 bastante automatizado;<\/li>\n<li><strong>Densidade do MDE e MDT muito mais alta, <\/strong>quando comparado com outros m\u00e9todos;<\/li>\n<li><strong>Melhor precis\u00e3o, <\/strong>principalmente em \u00e1reas com presen\u00e7a de mata, pois h\u00e1 uma excelente penetra\u00e7\u00e3o dos pulsos abaixo das copas, principalmente em regi\u00e3o amaz\u00f4nica.<\/li>\n<\/ul>\n<\/li>\n<\/ol>\n<p>A aplica\u00e7\u00e3o do levantamento LASER n\u00e3o se restringe apenas ao mapeamento de \u00e1reas, \u00e9 poss\u00edvel fazer o levantamento do relevo onde ser\u00e1 instalada a linha de transmiss\u00e3o (LT) e com essa informa\u00e7\u00e3o \u00e9 poss\u00edvel gerar o perfil longitudinal do terreno.<br \/>\nMesmo depois da LT estar instalada, \u00e9 poss\u00edvel continuar fazendo uso do levantamento LASER, nesse Levantamento da Linha de Transmiss\u00e3o e das fei\u00e7\u00f5es da faixa (torres, cabos, \u00e1rvores, edifica\u00e7\u00f5es, etc.), Monitoramento da Linha de Transmiss\u00e3o com a finalidade de manuten\u00e7\u00e3o, Identifica\u00e7\u00e3o de locais onde a vegeta\u00e7\u00e3o est\u00e1 pr\u00f3xima dos cabos (para preven\u00e7\u00e3o de acidentes), Atualiza\u00e7\u00e3o de informa\u00e7\u00e3o sobre a ocupa\u00e7\u00e3o da faixa de servid\u00e3o, conforme pode ser visto no link <a href=\"http:\/\/esteio.com.br\/executados\/perfilamento-laser\/interlagos\/\">http:\/\/esteio.com.br\/executados\/perfilamento-laser\/interlagos\/<\/a>","protected":false},"excerpt":{"rendered":"<p>[IMAGEM_CAROUSEL] Segundo informa\u00e7\u00f5es da Empresa de Pesquisa Energ\u00e9tica (EPE), com base no Balan\u00e7o Energ\u00e9tico Nacional (BEN), a participa\u00e7\u00e3o de fontes renov\u00e1veis na matriz el\u00e9trica do Brasil tem representado um aumento &#8230;<\/p>\n","protected":false},"author":1,"featured_media":5188,"parent":1367,"menu_order":0,"comment_status":"closed","ping_status":"closed","template":"","meta":{"footnotes":""},"class_list":["post-2704","page","type-page","status-publish","has-post-thumbnail","hentry"],"_links":{"self":[{"href":"https:\/\/www.esteio.com.br\/en\/wp-json\/wp\/v2\/pages\/2704","targetHints":{"allow":["GET"]}}],"collection":[{"href":"https:\/\/www.esteio.com.br\/en\/wp-json\/wp\/v2\/pages"}],"about":[{"href":"https:\/\/www.esteio.com.br\/en\/wp-json\/wp\/v2\/types\/page"}],"author":[{"embeddable":true,"href":"https:\/\/www.esteio.com.br\/en\/wp-json\/wp\/v2\/users\/1"}],"replies":[{"embeddable":true,"href":"https:\/\/www.esteio.com.br\/en\/wp-json\/wp\/v2\/comments?post=2704"}],"version-history":[{"count":9,"href":"https:\/\/www.esteio.com.br\/en\/wp-json\/wp\/v2\/pages\/2704\/revisions"}],"predecessor-version":[{"id":6018,"href":"https:\/\/www.esteio.com.br\/en\/wp-json\/wp\/v2\/pages\/2704\/revisions\/6018"}],"up":[{"embeddable":true,"href":"https:\/\/www.esteio.com.br\/en\/wp-json\/wp\/v2\/pages\/1367"}],"wp:featuredmedia":[{"embeddable":true,"href":"https:\/\/www.esteio.com.br\/en\/wp-json\/wp\/v2\/media\/5188"}],"wp:attachment":[{"href":"https:\/\/www.esteio.com.br\/en\/wp-json\/wp\/v2\/media?parent=2704"}],"curies":[{"name":"wp","href":"https:\/\/api.w.org\/{rel}","templated":true}]}}

[IMAGEM_CAROUSEL]
Segundo informações da Empresa de Pesquisa Energética (EPE), com base no Balanço Energético Nacional (BEN), a participação de fontes renováveis na matriz elétrica do Brasil tem representado um aumento sistemático de produção nos últimos anos.<br />
O momento vivido pela economia e o processo de industrialização brasileira, provocaram um grande aumento no consumo de energia. Nas últimas décadas, a energia consumida aumentou em torno de 7% ao ano, dobrando praticamente a cada dez anos.<br />
As fontes de energia primárias mais consumidas no Brasil são: petróleo, hidreletricidade, lenha, cana-de-açúcar e bagaço de cana, carvão mineral e gás natural.<br />
Em razão das novas legislações ambientais, o consumo de lenha e petróleo tem apresentado uma redução considerável nas últimas décadas e por outro lado, nota-se um significativo aumento no consumo de eletricidade, derivados da cana (álcool) e do carvão mineral.</p>
<p>O grande número de rios, o alto volume d&#8217;água, climas bastante úmidos em boa parte do território, representam algumas das condições geográficas favoráveis à produção de energia hidráulica.<br />
Considerando o bom potencial hidráulico, cada vez mais empresas têm investido na geração de energia elétrica através das Pequenas Centrais Hidrelétricas, as chamadas PCHs, as quais têm contribuído bastante para a modificação do cenário da matriz energética nacional.</p>
<p>De acordo com a resolução nº 394 da Agência Nacional de Energia Elétrica, PCH (Pequena Central Hidrelétrica) é toda usina hidrelétrica de pequeno porte cuja capacidade instalada seja superior a 1MW e inferior a 30 MW, bem como área do reservatório inferior a 3 km², sendo a área do reservatório delimitada pela cota d&#8217;água associada a vazão de cheia com tempo de recorrência de 100 anos.</p>
<p>No contexto em que o crescimento do consumo aumenta cada vez mais e as geradoras de energia também são forçadas pelo mercado a aumentarem a geração de energia, o levantamento LASER tem sido ferramenta importante na captação rápida de informações que auxiliam no projeto e definição de uma PCH, em especial na delimitação de áreas, seja do espelho d&#8217;água, seja do levantamento do relevo visando definição da cota de inundação.</p>
<p>O Perfilamento a LASER é uma tecnologia de levantamento executado através de um escaner a LASER instalado em uma aeronave, o qual permite o levantamento de uma malha muito densa de pontos no terreno. Esta metodologia permite um levantamento altimétrico mais preciso e rápido da área. A partir desses pontos é possível a geração diversos produtos, tais como:</p>
<ol class="breadcrumb">
<li class="active">
<ul>
<li>Modelo Digital de Elevação (MDE);</li>
<li>Modelo Digital de Terreno (MDT), sem vegetação, edificações, etc.;</li>
<li>Plantas contendo as curvas de nível geradas a partir do MDT;</li>
<li>Imagens hipsométricas geradas a partir do MDT;</li>
<li>Imagens de intensidade do pulso LASER (Semelhante a uma imagem de satélite);</li>
<li>Modelos em três dimensões;</li>
</ul>
</li>
</ol>
<p>Hoje, o perfilamento LASER é a tecnologia mais ágil para obtenção de altimetria de terreno e proporciona algumas vantagens em relação ao método fotogramétrico:</p>
<ol class="breadcrumb">
<li class="active">
<ul>
<li><strong>Rapidez em sua obtenção</strong>, pois o voo tem muito menos dependência de condições meteorológicas, podendo inclusive ser feito à noite;</li>
<li><strong>Rapidez na obtenção dos produtos, </strong>pois o processo é bastante automatizado;</li>
<li><strong>Densidade do MDE e MDT muito mais alta, </strong>quando comparado com outros métodos;</li>
<li><strong>Melhor precisão, </strong>principalmente em áreas com presença de mata, pois há uma excelente penetração dos pulsos abaixo das copas, principalmente em região amazônica.</li>
</ul>
</li>
</ol>
<p>A aplicação do levantamento LASER não se restringe apenas ao mapeamento de áreas, é possível fazer o levantamento do relevo onde será instalada a linha de transmissão (LT) e com essa informação é possível gerar o perfil longitudinal do terreno.<br />
Mesmo depois da LT estar instalada, é possível continuar fazendo uso do levantamento LASER, nesse Levantamento da Linha de Transmissão e das feições da faixa (torres, cabos, árvores, edificações, etc.), Monitoramento da Linha de Transmissão com a finalidade de manutenção, Identificação de locais onde a vegetação está próxima dos cabos (para prevenção de acidentes), Atualização de informação sobre a ocupação da faixa de servidão, conforme pode ser visto no link <a href="http://esteio.com.br/executados/perfilamento-laser/interlagos/">http://esteio.com.br/executados/perfilamento-laser/interlagos/</a>

<p>[IMAGEM_CAROUSEL] Segundo informações da Empresa de Pesquisa Energética (EPE), com base no Balanço Energético Nacional (BEN), a participação de fontes renováveis na matriz elétrica do Brasil tem representado um aumento &#8230;</p>
