{"id":3267,"date":"2017-08-21T17:34:00","date_gmt":"2017-08-21T17:34:00","guid":{"rendered":"http:\/\/esteio.com.br\/?page_id=3267"},"modified":"2017-08-21T17:34:35","modified_gmt":"2017-08-21T17:34:35","slug":"rio-negro-seca-em-2005","status":"publish","type":"page","link":"https:\/\/www.esteio.com.br\/en\/rio-negro-seca-em-2005\/","title":{"rendered":"Rio Negro &#8211; Seca em 2005"},"content":{"rendered":"<p>Registro de Outubro\/2005 durante a implanta\u00e7\u00e3o da poligonal topogr\u00e1fica do gasoduto Coari-Manaus, justamente no per\u00edodo da maior seca registrada nos \u00faltimos 60 anos.<\/p>\n<p>A foto foi tirada na margem direita do Rio Negro, poucos quil\u00f4metros antes do encontro com o Rio Solim\u00f5es no municipio de Iranduba\/AM.<\/p>\n<p>Na \u00e9poca da cheia, o leito do rio chega a cobrir as pedras que aparecem em primeiro plano.<\/p>\n<p>Ao fundo vemos a capital Manaus.<\/p>\n<p>Clique na imagem ao lado para visualiz\u00e1-la maior!<\/p>\n<p>Para mais informa\u00e7\u00f5es sobre Levantamentos Planialtim\u00e9tricos clique <a href=\"http:\/\/esteio.com.br\/executados\/levantamentos-planialtimetricos\/\" target=\"_blank\" rel=\"noopener\">aqui<\/a>.<\/p>\n","protected":false},"excerpt":{"rendered":"<p>Registro de Outubro\/2005 durante a implanta\u00e7\u00e3o da poligonal topogr\u00e1fica do gasoduto Coari-Manaus, justamente no per\u00edodo da maior seca registrada nos \u00faltimos 60 anos. A foto foi tirada na margem direita &#8230;<\/p>\n","protected":false},"author":1,"featured_media":0,"parent":0,"menu_order":0,"comment_status":"closed","ping_status":"closed","template":"","meta":{"footnotes":""},"class_list":["post-3267","page","type-page","status-publish","hentry"],"_links":{"self":[{"href":"https:\/\/www.esteio.com.br\/en\/wp-json\/wp\/v2\/pages\/3267","targetHints":{"allow":["GET"]}}],"collection":[{"href":"https:\/\/www.esteio.com.br\/en\/wp-json\/wp\/v2\/pages"}],"about":[{"href":"https:\/\/www.esteio.com.br\/en\/wp-json\/wp\/v2\/types\/page"}],"author":[{"embeddable":true,"href":"https:\/\/www.esteio.com.br\/en\/wp-json\/wp\/v2\/users\/1"}],"replies":[{"embeddable":true,"href":"https:\/\/www.esteio.com.br\/en\/wp-json\/wp\/v2\/comments?post=3267"}],"version-history":[{"count":2,"href":"https:\/\/www.esteio.com.br\/en\/wp-json\/wp\/v2\/pages\/3267\/revisions"}],"predecessor-version":[{"id":3271,"href":"https:\/\/www.esteio.com.br\/en\/wp-json\/wp\/v2\/pages\/3267\/revisions\/3271"}],"wp:attachment":[{"href":"https:\/\/www.esteio.com.br\/en\/wp-json\/wp\/v2\/media?parent=3267"}],"curies":[{"name":"wp","href":"https:\/\/api.w.org\/{rel}","templated":true}]}}

<p>Registro de Outubro/2005 durante a implantação da poligonal topográfica do gasoduto Coari-Manaus, justamente no período da maior seca registrada nos últimos 60 anos.</p>
<p>A foto foi tirada na margem direita do Rio Negro, poucos quilômetros antes do encontro com o Rio Solimões no municipio de Iranduba/AM.</p>
<p>Na época da cheia, o leito do rio chega a cobrir as pedras que aparecem em primeiro plano.</p>
<p>Ao fundo vemos a capital Manaus.</p>
<p>Clique na imagem ao lado para visualizá-la maior!</p>
<p>Para mais informações sobre Levantamentos Planialtimétricos clique <a href="http://esteio.com.br/executados/levantamentos-planialtimetricos/" target="_blank" rel="noopener">aqui</a>.</p>

<p>Registro de Outubro/2005 durante a implantação da poligonal topográfica do gasoduto Coari-Manaus, justamente no período da maior seca registrada nos últimos 60 anos. A foto foi tirada na margem direita &#8230;</p>
